{"id":191,"date":"2017-09-27T15:03:45","date_gmt":"2017-09-27T20:03:45","guid":{"rendered":"http:\/\/www.senadojcimexico.org\/portal\/?page_id=191"},"modified":"2026-04-30T20:24:34","modified_gmt":"2026-05-01T02:24:34","slug":"senado-verde","status":"publish","type":"page","link":"https:\/\/www.senadojcimexico.org\/portal\/senado-verde\/","title":{"rendered":"Senado Verde"},"content":{"rendered":"<p style=\"text-align: justify;\"><a href=\"http:\/\/www.senadojcimexico.org\/portal\/wp-content\/uploads\/2017\/09\/GreenSenate_210x175.jpg\"><img loading=\"lazy\" decoding=\"async\" class=\"aligncenter wp-image-192\" src=\"http:\/\/www.senadojcimexico.org\/portal\/wp-content\/uploads\/2017\/09\/GreenSenate_210x175.jpg\" alt=\"\" width=\"300\" height=\"250\"><\/a><br \/>\nSi cada hogar reemplazara un solo foco tradicional por uno de bajo consumo, se ahorrar\u00eda suficiente energ\u00eda para alumbrar m\u00e1s de 3 millones de hogares durante un a\u00f1o. Esto equivaldr\u00eda al monto del recibo de luz que se paga en todo el mundo durante un mes. Este sistema de alumbrado no es inconveniente de ninguna forma; tiene una duraci\u00f3n 10 veces mayor que los focos tradicionales y las l\u00e1mparas se producen en diferentes tama\u00f1os, formas y grados de luminosidad para adaptarse a cualquier necesidad. Visita el sitio dedicado a este programa <a href=\"http:\/\/asacjci.org\/portal\/greensenate\/?lang=es\" target=\"_blank\" rel=\"noopener noreferrer\">Senado Verde<\/a><br \/>\n&nbsp;<\/p>\n<p style=\"text-align: justify;\"><span style=\"padding: 0px; margin: 0px; border: 0px; font-family: 'times new roman', times; font-size: 12pt;\"><strong>\u00a1Mejor una zanahoria que una vaca!<\/strong><\/span><\/p>\n<p style=\"text-align: justify;\">Los est\u00f3magos de los 1.4 billones de vacas que existen en el mundo albergan el 14% de las emisiones globales de metano, que es un gas tipo invernadero 20 veces m\u00e1s potente que el bi\u00f3xido de carbono (CO2). Las ventajas del trigo sobre la carne se evidencian en el rango de la producci\u00f3n de alimentos, pues se requiere m\u00e1s energ\u00eda, tierra y agua para producir la misma cantidad de calor\u00edas de la carne que del trigo o la soya. Con alimentos producidos estacional y localmente, el bi\u00f3xido de carbono que se requiere para distribuir la comida alrededor del mundo puede reducirse significativamente.<\/p>\n<address><span style=\"padding: 0px; margin: 0px; border: 0px; font-family: 'times new roman', times; font-size: 12pt;\"><strong>\u00a1Reducir, Reutilizar, Reciclar!<\/strong><\/span><\/address>\n<p style=\"text-align: justify;\">Donde usted pueda, combine estos tres conceptos del medio ambiente limpio en su vida diaria, para ayudar a reducir el desperdicio. Cuando pueda, recicle papel pl\u00e1stico, peri\u00f3dico, vidrio y latas de aluminio. \u00a1Sea innovador!, inicie su propio sistema de reducir-reutilizar-reciclar. Hechos contundentes.- en promedio, en Gran Breta\u00f1a, cada persona tira desperdicios equivalentes a su peso cada siete semanas.<\/p>\n<address><span style=\"padding: 0px; margin: 0px; border: 0px; font-family: 'times new roman', times; font-size: 12pt;\"><strong>\u00a1Apagar no es suficiente!<\/strong><\/span><\/address>\n<p style=\"text-align: justify;\">Un mill\u00f3n de toneladas de gases invernadero se lanzan a la atm\u00f3sfera cada a\u00f1o por tener aparatos en \u201cespera\u201d. Con respecto a nuestros equipos, \u00bfCu\u00e1ndo se apagan es suficiente? El debate se calienta porque los aparatos electr\u00f3nicos contin\u00faan consumiendo energ\u00eda aun cuando se apaguen, debido a que la luz roja de los testigos electr\u00f3nicos contin\u00faa encendida. Por esto, debe hacerse cualquier esfuerzo adicional de reducir el calentamiento global. Vaya un poco m\u00e1s all\u00e1 desconectando sus aparatos electr\u00f3nicos y compruebe el ahorro en el costo de la energ\u00eda el\u00e9ctrica.<\/p>\n<address><span style=\"padding: 0px; margin: 0px; border: 0px; font-family: 'times new roman', times; font-size: 12pt;\"><strong>&nbsp;<\/strong><\/span><span style=\"padding: 0px; margin: 0px; border: 0px; font-family: 'times new roman', times; font-size: 12pt;\"><strong>\u00a1Plante un \u00e1rbol, salve una naci\u00f3n!<\/strong><\/span><\/address>\n<p style=\"text-align: justify;\">Todo lo que tiene que hacer es plantar un \u00e1rbol y autom\u00e1ticamente activa un mecanismo que absorbe naturalmente el bi\u00f3xido de carbono y libera ox\u00edgeno. Los \u00e1rboles y las plantas son parte integral del ciclo de intercambio atmosf\u00e9rico natural en el planeta tierra, pero son demasiado pocos para reducir el incremento de bi\u00f3xido de carbono producido por autom\u00f3viles, manufactura y otras actividades humanas.<\/p>\n<address><span style=\"padding: 0px; margin: 0px; border: 0px; font-family: 'times new roman', times; font-size: 12pt;\"><strong>Por favor, no use el \u00e1rbol que plant\u00f3 un d\u00eda.<\/strong><\/span><\/address>\n<p style=\"text-align: justify;\">Un productor estim\u00f3 que un trozo de madera de 4 por 8 pies produce casi 90,000 hojas de papel bond. No debemos usar los \u00e1rboles que plantamos para producir papel; si no somos cuidadosos, esto puede pasar en muy poco tiempo.<\/p>\n<address><span style=\"padding: 0px; margin: 0px; border: 0px; font-family: 'times new roman', times; font-size: 12pt;\"><strong>&nbsp;<\/strong><\/span><span style=\"padding: 0px; margin: 0px; border: 0px; font-family: 'times new roman', times; font-size: 12pt;\"><strong>\u00a1Convi\u00e9rtase en un ciudadano activo, en la lucha por salvar nuestro hogar!<\/strong><\/span><\/address>\n<p style=\"text-align: justify;\">\u00danase a la lucha de organizaciones y grupos que globalmente luchan contra el cambio clim\u00e1tico. Invol\u00facrese a trav\u00e9s de fuentes que existen en sitios Web como \u201cLa JCI Ecologista\u201d y \u201cFondo para el ahorro de energ\u00eda. Si nos informamos diariamente, nuestro panorama puede cambiar eventualmente. Anime a otros compartiendo esta informaci\u00f3n. Puede ser el inicio del establecimiento de programas y pol\u00edticas en este sentido. Visita el sitio dedicado a este programa <a href=\"http:\/\/asacjci.org\/portal\/greensenate\/?lang=es\" target=\"_blank\" rel=\"noopener noreferrer\">Senado Verde<\/a><\/p>\n","protected":false},"excerpt":{"rendered":"<p>Si cada hogar reemplazara un solo foco tradicional por uno de bajo consumo, se ahorrar\u00eda suficiente energ\u00eda para alumbrar m\u00e1s de 3 millones de hogares durante un a\u00f1o. Esto equivaldr\u00eda al monto del recibo de luz que se paga en todo el mundo durante un mes. Este sistema de alumbrado no es inconveniente de ninguna &hellip; <\/p>\n<p><a class=\"more-link btn\" href=\"https:\/\/www.senadojcimexico.org\/portal\/senado-verde\/\">Seguir leyendo<\/a><\/p>\n","protected":false},"author":1,"featured_media":0,"parent":0,"menu_order":2,"comment_status":"closed","ping_status":"closed","template":"","meta":{"ngg_post_thumbnail":0,"footnotes":""},"class_list":["post-191","page","type-page","status-publish","hentry","nodate","item-wrap"],"_links":{"self":[{"href":"https:\/\/www.senadojcimexico.org\/portal\/wp-json\/wp\/v2\/pages\/191","targetHints":{"allow":["GET"]}}],"collection":[{"href":"https:\/\/www.senadojcimexico.org\/portal\/wp-json\/wp\/v2\/pages"}],"about":[{"href":"https:\/\/www.senadojcimexico.org\/portal\/wp-json\/wp\/v2\/types\/page"}],"author":[{"embeddable":true,"href":"https:\/\/www.senadojcimexico.org\/portal\/wp-json\/wp\/v2\/users\/1"}],"replies":[{"embeddable":true,"href":"https:\/\/www.senadojcimexico.org\/portal\/wp-json\/wp\/v2\/comments?post=191"}],"version-history":[{"count":14,"href":"https:\/\/www.senadojcimexico.org\/portal\/wp-json\/wp\/v2\/pages\/191\/revisions"}],"predecessor-version":[{"id":4803,"href":"https:\/\/www.senadojcimexico.org\/portal\/wp-json\/wp\/v2\/pages\/191\/revisions\/4803"}],"wp:attachment":[{"href":"https:\/\/www.senadojcimexico.org\/portal\/wp-json\/wp\/v2\/media?parent=191"}],"curies":[{"name":"wp","href":"https:\/\/api.w.org\/{rel}","templated":true}]}}